False
Does 958 divide 9401812?
True
Is 62556847 a multiple of 3479?
False
Does 1101 divide 2475742731?
True
Does 35 divide 25193391?
False
Is 15051138 a multiple of 1437?
True
Is 33 a factor of 13104013?
False
Is 29776061 a multiple of 7?
True
Does 5 divide 559048947?
False
Does 1066 divide 31953088?
False
Is 35240336 a multiple of 223?
False
Is 158 a factor of 89118004?
True
Is 1700877166 a multiple of 5?
False
Is 787 a factor of 1401078441?
False
Is 196 a factor of 82567940?
True
Does 4958 divide 253497156?
False
Is 154 a factor of 92841826?
True
Does 29 divide 273771310?
True
Does 6425 divide 1080350900?
True
Is 2378338710 a multiple of 110?
True
Is 377410332 a multiple of 35?
False
Is 117 a factor of 185718897?
True
Is 4961020 a multiple of 20?
True
Is 43 a factor of 12457444?
True
Does 4944 divide 96309120?
True
Is 428 a factor of 156521807?
False
Is 1030176640 a multiple of 64?
True
Does 56 divide 906356360?
True
Is 376 a factor of 4247296?
True
Does 8 divide 12427101?
False
Is 15 a factor of 1093445340?
True
Is 1090339137 a multiple of 11?
False
Is 42067136 a multiple of 13?
False
Is 2543695 a multiple of 35?
True
Does 5751 divide 100459876?
False
Does 34 divide 43887947?
False
Is 208 a factor of 4698072?
False
Does 69 divide 8230044?
True
Is 9687916 a multiple of 11?
False
Is 28 a factor of 36077076?
True
Does 533 divide 24121981?
True
Is 28048500 a multiple of 5?
True
Does 76 divide 145980572?
True
Does 21 divide 23882481?
True
Does 1080 divide 21148560?
True
Is 6465017289 a multiple of 18?
False
Is 476677344 a multiple of 1014?
True
Does 91 divide 1019045755?
True
Is 893 a factor of 55928772?
False
Is 106 a factor of 884015469?
False
Is 13 a factor of 2023677058?
True
Is 61217343 a multiple of 549?
True
Is 13982160 a multiple of 6?
True
Is 217 a factor of 1138362271?
False
Is 1582164096 a multiple of 12?
True
Is 12 a factor of 117957252?
True
Is 38143562 a multiple of 29?
False
Is 70076851 a multiple of 13?
True
Does 162 divide 12196008?
True
Does 6 divide 56314770?
True
Does 484 divide 39914179?
False
Is 57 a factor of 7269175230?
True
Does 114 divide 79669356?
True
Is 14 a factor of 240132662?
True
Is 4030344 a multiple of 397?
True
Does 1330 divide 1306966170?
False
Is 2149056 a multiple of 56?
True
Does 67 divide 24152026?
True
Does 12 divide 740151983?
False
Does 322 divide 3283434?
True
Is 52284146 a multiple of 20?
False
Is 501195046 a multiple of 11?
True
Does 264 divide 1452113705?
False
Does 514 divide 7522904?
True
Does 23 divide 34065898?
True
Is 28963481 a multiple of 8?
False
Is 160314993 a multiple of 18?
False
Is 86 a factor of 44121440?
True
Is 474447048 a multiple of 242?
False
Does 25 divide 46995044?
False
Is 29448120 a multiple of 43?
True
Is 253353068 a multiple of 781?
False
Does 14 divide 10548764?
False
Is 9 a factor of 493087365?
True
Does 11 divide 30032373?
False
Is 79419087 a multiple of 22?
False
Is 628211200 a multiple of 2176?
True
Is 1193310563 a multiple of 1343?
True
Is 1891 a factor of 47433296?
False
Is 8 a factor of 59404210?
False
Does 71 divide 49919106?
True
Is 56717325 a multiple of 525?
True
Is 685379 a multiple of 69?
False
Is 67687009 a multiple of 18?
False
Is 63967840 a multiple of 353?
False
Is 1692536263 a multiple of 121?
True
Is 889300743 a multiple of 2257?
False
Is 864 a factor of 9774432?
True
Is 161 a factor of 3100272483?
False
Is 16 a factor of 327871926?
False
Does 49 divide 1673340543?
True
Does 28 divide 33366563?
False
Is 9031 a factor of 641535147?
True
Does 149 divide 47368739?
True
Is 202169523 a multiple of 1789?
True
Does 10 divide 598131118?
False
Does 4382 divide 655450796?
True
Is 63462134 a multiple of 1711?
False
Is 353210056 a multiple of 3524?
False
Does 5 divide 113467422?
False
Is 1069732183 a multiple of 9?
False
Does 66 divide 592824328?
False
Does 44 divide 1688810605?
False
Is 4 a factor of 123499972?
True
Is 401022748 a multiple of 8?
False
Does 304 divide 91911968?
True
Does 115 divide 712412588?
False
Is 69 a factor of 57759072?
True
Is 77 a factor of 1409215?
False
Does 590 divide 732513910?
True
Is 76964680 a multiple of 65?
True
Is 1687 a factor of 41624502?
False
Is 24807675 a multiple of 20?
False
Is 537 a factor of 1752904881?
False
Is 11 a factor of 5552448?
True
Is 2089583013 a multiple of 5?
False
Is 258 a factor of 48106164?
True
Is 951 a factor of 30005001?
True
Is 539 a factor of 45570833?
True
Does 8 divide 128775576?
True
Is 491443024 a multiple of 46?
True
Is 1497244 a multiple of 49?
True
Is 204822717 a multiple of 4601?
True
Is 4688 a factor of 275898176?
True
Does 89 divide 442519036?
True
Does 154 divide 39020159?
False
Does 49 divide 44388267?
True
Is 74104367 a multiple of 55?
False
Is 33498738 a multiple of 378?
True
Is 15 a factor of 9481800?
True
Is 36373706 a multiple of 4?
False
Does 70 divide 82310380?
False
Is 528511428 a multiple of 522?
True
Is 1759 a factor of 56195455?
False
Is 234 a factor of 17738370?
True
Is 21 a factor of 1161668592?
True
Is 632589263 a multiple of 239?
True
Is 285 a factor of 10682655?
True
Is 141321245 a multiple of 88?
False
Is 47 a factor of 53542724?
False
Is 18466172 a multiple of 3?
False
Is 324 a factor of 31614301?
False
Does 149 divide 1692640?
True
Is 12 a factor of 521671704?
True
Does 40 divide 108134400?
True
Is 697 a factor of 30230940?
False
Does 93 divide 6364789?
False
Does 320 divide 1065567040?
True
Is 1574447411 a multiple of 87?
False
Does 142 divide 186665674?
True
Does 580 divide 501140300?
True
Does 9 divide 119373482?
False
Is 690 a factor of 388553055?
False
Does 13 divide 319038141?
False
Is 797 a factor of 12879927?
False
Is 25 a factor of 344251275?
True
Is 416 a factor of 146164176?
False
Is 12 a factor of 40971720?
True
Is 2890 a factor of 134237610?
True
Does 98 divide 2880239?
False
Does 229 divide 4623281?
True
Does 760 divide 10127000?
True
Is 263 a factor of 233248125?
True
Is 50 a factor of 27037151?
False
Is 335315344 a multiple of 1001?
False
Does 625 divide 36783535?
False
Does 358 divide 84030235?
False
Does 3 divide 212829750?
True
Is 1097 a factor of 550129579?
False
Does 60 divide 15537961?
False
Is 38 a factor of 19382736?
True
Does 312 divide 505230882?
False
Does 1063 divide 88081049?
False
Is 21 a factor of 49245798?
True
Is 2480 a factor of 72703680?
True
Is 4300860 a multiple of 134?
False
Is 12508510 a multiple of 10?
True
Is 25 a factor of 220841123?
False
Does 341 divide 35054691?
False
Is 1267748271 a multiple of 44?
False
Does 2 divide 227015623?
False
Does 17 divide 55554334?
True
Is 4088486069 a multiple of 9448?
False
Does 220 divide 534198500?
True
Is 1093014929 a multiple of 9?
False
Is 15 a factor of 29420625?
True
Is 63826956 a multiple of 18?
True
Is 1528971 a multiple of 782?
False
Does 152 divide 355523361?
False
Is 309380711 a multiple of 255?
False
Is 10 a factor of 1204725084?
False
Is 2342437270 a multiple of 1051?
True
Does 89 divide 3001436?
True
Does 2793 divide 509554920?
True
Does 506 divide 126185268?
True
Does 34 divide 746328922?
False
Is 193948860 a multiple of 1148?
True
Does 24 divide 144735162?
False
Does 3630 divide 867301166?
False
Does 76 divide 41156305?
False
Is 17464005 a multiple of 465?
True
Does 3440 divide 219011040?
True
Does 638 divide 3718902?
True
Does 153 divide 53327385?
True
Is 163 a factor of 19670400?
False
Is 158430216 a multiple of 21?
True
Is 37 a factor of 17698563?
False
Is 182974352 a multiple of 44?
True
Is 126064983 a multiple of 11?
True
Does 1851 divide 146830575?
True
Does 10 divide 194080237?
False
Does 5 divide 64060636?
False
Does 574 divide 457720228?
True
Does 7772 divide 641463343?
False
Is 34237830 a multiple of 30?
True
Is 96401220 a multiple of 5916?
True
Is 68922037 a multiple of 70?
False
Does 48 divide 247320768?
True
Does 305 divide 11403950?
True
Is 1146446583 a multiple of 5?
False
Is 14 a factor of 115782058?
True
Does 801 divide 43682255?
False
Does 4 divide 1264696796?
True
Does 1601 divide 2249364975?
True
Does 2036 divide 432678504?
True
Is 805800571 a multiple of 265?
False
Does 136 divide 6761104?
True
Is 2 a factor of 3540827?
False
Is 30175964 a multiple of 8?
False
Does 40 divide 52533228?
False
Does 68 divide 15887520?
True
Is 140 a factor of 10661926?
False
Is